{"id":289,"date":"2016-08-25T18:02:37","date_gmt":"2016-08-25T23:02:37","guid":{"rendered":"http:\/\/localhost\/wordpress\/?page_id=289"},"modified":"2022-10-21T10:11:16","modified_gmt":"2022-10-21T15:11:16","slug":"equipamiento","status":"publish","type":"page","link":"https:\/\/ide.ucuenca.edu.ec\/?page_id=289","title":{"rendered":"Equipamiento"},"content":{"rendered":"<p>Aunque el equipamiento generado durante todos estos a\u00f1os, ha terminado compartido incluso en alguna sala de clases, se pueden destacar que en la actualidad se cuenta como grupo de trabajo el siguiente equipamiento. Aunque gran cantidad del equipamiento al ser inform\u00e1tico pierde su vida \u00fatil en cuesti\u00f3n de 3 a 5 a\u00f1os.<\/p>\n<table width=\"491\">\n<tbody>\n<tr>\n<td style=\"text-align: center;\" width=\"55\"><strong>Cantidad<\/strong><\/td>\n<td width=\"245\">\n<p style=\"text-align: center;\"><strong>Descripci\u00f3n<\/strong><\/p>\n<\/td>\n<td width=\"77\">\n<p style=\"text-align: center;\"><strong>A\u00f1o<\/strong><\/p>\n<\/td>\n<\/tr>\n<tr>\n<td width=\"55\">\n<p style=\"text-align: center;\">1<\/p>\n<\/td>\n<td style=\"text-align: center;\" width=\"245\"><a href=\"https:\/\/www.sensefly.com\/drones\/ebee-rtk.html\" target=\"_blank\" rel=\"noopener\">UAV eBee RTK<\/a><\/p>\n<p><iframe title=\"senseFly presents: Mapping the Impossible\" width=\"604\" height=\"340\" src=\"https:\/\/www.youtube.com\/embed\/NuZUSe87miY?feature=oembed\" frameborder=\"0\" allow=\"accelerometer; autoplay; clipboard-write; encrypted-media; gyroscope; picture-in-picture; web-share\" referrerpolicy=\"strict-origin-when-cross-origin\" allowfullscreen><\/iframe><\/td>\n<td width=\"77\">\n<p style=\"text-align: center;\">2015<\/p>\n<\/td>\n<\/tr>\n<tr>\n<td width=\"55\">\n<p style=\"text-align: center;\">1<\/p>\n<\/td>\n<td style=\"text-align: center;\" width=\"245\"><a href=\"https:\/\/www.sensefly.com\/fileadmin\/user_upload\/sensefly\/documents\/brochures\/Sequoia_Specifications_2016_sensefly.pdf\" target=\"_blank\" rel=\"noopener\">Camara Multiespectral para UAV eBee<\/a><\/p>\n<p><iframe title=\"Map the Invisible \u2013 Parrot Sequoia for eBee Classic\" width=\"604\" height=\"340\" src=\"https:\/\/www.youtube.com\/embed\/4tXl335VdO8?feature=oembed\" frameborder=\"0\" allow=\"accelerometer; autoplay; clipboard-write; encrypted-media; gyroscope; picture-in-picture; web-share\" referrerpolicy=\"strict-origin-when-cross-origin\" allowfullscreen><\/iframe><\/td>\n<td width=\"77\">\n<p style=\"text-align: center;\">2015<\/p>\n<\/td>\n<\/tr>\n<tr>\n<td width=\"55\">\n<p style=\"text-align: center;\">1<\/p>\n<\/td>\n<td style=\"text-align: center;\" width=\"245\">C\u00e1mara RGB para UAV eBee<\/td>\n<td width=\"77\">\n<p style=\"text-align: center;\">2015<\/p>\n<\/td>\n<\/tr>\n<tr>\n<td width=\"55\">\n<p style=\"text-align: center;\">1<\/p>\n<\/td>\n<td style=\"text-align: center;\" width=\"245\">Plotter HP<\/td>\n<td style=\"text-align: center;\" width=\"77\">2010<\/td>\n<\/tr>\n<tr>\n<td style=\"text-align: center;\" width=\"55\">4<\/td>\n<td style=\"text-align: center;\" width=\"245\">Servidores IBM, DELL<\/td>\n<td width=\"77\">\n<p style=\"text-align: center;\">2009, 2010, 2011, 2012<\/p>\n<\/td>\n<\/tr>\n<tr>\n<td width=\"55\">\n<p style=\"text-align: center;\">1<\/p>\n<\/td>\n<td style=\"text-align: center;\" width=\"245\">Surface 3 Windows<\/td>\n<td style=\"text-align: center;\" width=\"77\">2015<\/td>\n<\/tr>\n<\/tbody>\n<\/table>\n","protected":false},"excerpt":{"rendered":"<p>Aunque el equipamiento generado durante todos estos a\u00f1os, ha terminado compartido incluso en alguna sala de clases, se pueden destacar que en la actualidad se cuenta como grupo de trabajo el siguiente<a class=\"moretag\" href=\"https:\/\/ide.ucuenca.edu.ec\/?page_id=289\">Leer m\u00e1s&#8230;<\/a><\/p>\n","protected":false},"author":1,"featured_media":0,"parent":0,"menu_order":0,"comment_status":"closed","ping_status":"closed","template":"","meta":{"footnotes":""},"class_list":["post-289","page","type-page","status-publish","hentry"],"_links":{"self":[{"href":"https:\/\/ide.ucuenca.edu.ec\/index.php?rest_route=\/wp\/v2\/pages\/289","targetHints":{"allow":["GET"]}}],"collection":[{"href":"https:\/\/ide.ucuenca.edu.ec\/index.php?rest_route=\/wp\/v2\/pages"}],"about":[{"href":"https:\/\/ide.ucuenca.edu.ec\/index.php?rest_route=\/wp\/v2\/types\/page"}],"author":[{"embeddable":true,"href":"https:\/\/ide.ucuenca.edu.ec\/index.php?rest_route=\/wp\/v2\/users\/1"}],"replies":[{"embeddable":true,"href":"https:\/\/ide.ucuenca.edu.ec\/index.php?rest_route=%2Fwp%2Fv2%2Fcomments&post=289"}],"version-history":[{"count":31,"href":"https:\/\/ide.ucuenca.edu.ec\/index.php?rest_route=\/wp\/v2\/pages\/289\/revisions"}],"predecessor-version":[{"id":679,"href":"https:\/\/ide.ucuenca.edu.ec\/index.php?rest_route=\/wp\/v2\/pages\/289\/revisions\/679"}],"wp:attachment":[{"href":"https:\/\/ide.ucuenca.edu.ec\/index.php?rest_route=%2Fwp%2Fv2%2Fmedia&parent=289"}],"curies":[{"name":"wp","href":"https:\/\/api.w.org\/{rel}","templated":true}]}}