{"id":254,"date":"2016-08-25T03:05:34","date_gmt":"2016-08-25T03:05:34","guid":{"rendered":"http:\/\/localhost\/wordpress\/?page_id=254"},"modified":"2022-01-28T19:45:53","modified_gmt":"2022-01-29T00:45:53","slug":"personal-que-participo","status":"publish","type":"page","link":"https:\/\/ide.ucuenca.edu.ec\/?page_id=254","title":{"rendered":"OntoRisk"},"content":{"rendered":"\n<p><strong>\u00abNuevos m\u00e9todos y tecnolog\u00edas para fortalecer la participaci\u00f3n ciudadana en caso de alertas tempranas, potenciando IDE RedCEDIA\u201d &#8211; \u00a0IDE REDCEDIA AT<\/strong><\/p>\n\n\n\n<p><strong>\u00c1reas de Investigaci\u00f3n\/Desarrollo:<\/strong><\/p>\n\n\n\n<p>Inform\u00e1tica, Aplicaciones M\u00f3viles, Televisi\u00f3n Digital, Infraestructura de Datos Espaciales, Fen\u00f3menos Naturales<\/p>\n\n\n\n<p><strong>Duraci\u00f3n:&nbsp;<\/strong>12 meses<\/p>\n\n\n\n<p><strong>Presupuesto Total:<\/strong>\u00a0$110.208,00 USD<\/p>\n\n\n\n<p><strong>Cofinanciamiento Solicitado:<\/strong>\u00a0$59.949,87 USD (Incluido el IVA)<\/p>\n\n\n\n<p><strong>Tipolog\u00eda del Proyecto:<\/strong><\/p>\n\n\n\n<ul class=\"wp-block-list\"><li>Investigaci\u00f3n<\/li><li>Desarrollo Tecnol\u00f3gico&nbsp;<\/li><li>Innovaci\u00f3n Tecnol\u00f3gica<\/li><\/ul>\n\n\n\n<p>En Ecuador existe un avance significativo sobre la planificaci\u00f3n, gesti\u00f3n y administraci\u00f3n en alertas tempranas, es por ello que se presenta esta iniciativa liderada por la Universidad de Cuenca y con la colaboraci\u00f3n de la ESPOL y ESPOCH sobre la base de desarrollo e implementaci\u00f3n de Infraestructuras de Datos Espaciales, sus aplicaciones y posibles interacciones con otras tecnolog\u00edas. Siendo esto con fines acad\u00e9micos y cient\u00edficos, y apoyada en las potencialidades que ofrece el uso de tecnolog\u00edas en redes din\u00e1micas avanzadas, busca integrar aspectos en las tres \u00e1reas: investigaci\u00f3n, desarrollo e innovaci\u00f3n con herramientas que permitir\u00edan la toma de decisiones en caso de desastres naturales bas\u00e1ndose principalmente en informaci\u00f3n de alertas tempranas.<\/p>\n\n\n\n<p>Esta iniciativa al ser basada en el trabajo precedente y que integrar\u00e1 a tres universidades pertenecientes a CEDIA e igualmente liderado por la Universidad de Cuenca se utilizar\u00e1 en este documento el acr\u00f3nimo IDE RedCEDIA AT (Alertas Tempranas).<\/p>\n\n\n\n<p>La iniciativa de IDE RedCEDIA AT est\u00e1 enfocada y orientada a construir sinergia en la construcci\u00f3n de alternativas de alertas por medio del uso de las tecnolog\u00edas actuales y con la coordinaci\u00f3n de los organismos oficiales llamados a gestionar procedimientos en desastres naturales. Todo esto apoyado por la disponibilidad de datos espaciales a trav\u00e9s de la plataforma IDE, de tal manera que puedan ser usadas por las entidades respectivas para apoyar en la toma de decisiones. Por ello, las Infraestructuras de Datos Espaciales, en caso de alertas y de gesti\u00f3n de desastres naturales, tienen de por si un valor por la informaci\u00f3n geoespacial que pudieran proveer para dicha toma de decisiones.<\/p>\n\n\n\n<p>A trav\u00e9s de la IDE RedCEDIA AT&nbsp; se pretende dar un paso muy significativo, a trav\u00e9s de investigaci\u00f3n de nuevos m\u00e9todos y tecnolog\u00edas que pueda emplear la ciudadan\u00eda para alertas tempranas, fortaleciendo el potencial de las IDE, para la toma oportuna de decisiones.<\/p>\n\n\n\n<p>Los m\u00e9todos y tecnolog\u00edas que se propone investigar, complementados con, transferencia de tecnolog\u00eda, realizaci\u00f3n de experiencias, formaci\u00f3n de recursos humanos, difusi\u00f3n, producci\u00f3n cient\u00edfica y estrategias para la sostenibilidad de la red, se consideran como una adecuada propuesta con beneficios tangibles para la sociedad.<\/p>\n\n\n\n<p><strong>Investigaci\u00f3n<\/strong><\/p>\n\n\n\n<p>Con el aporte de especialistas en comportamiento humano se pretende estudiar las posibles reacciones ante escenarios de desastres naturales generando alertas tempranas por varios canales tecnol\u00f3gicos posibles y determinando cuales podr\u00edan ser los m\u00e1s efectivos para tres escenarios distintos. En Cuenca con la Universidad de Cuenca y la colaboraci\u00f3n del EQ-911 se estudiar\u00e1 el comportamiento ante posibles inundaciones por desbordamiento de los r\u00edos. En Guayaquil la ESPOL trabajar\u00e1 con INOCAR (se adjunta convenio existente ESPOL-INOCAR, Anexo I) para un escenario posible de tsunami. En Riobamba se busca la colaboraci\u00f3n de la SNGR (Secretar\u00eda Nacional de Gesti\u00f3n de Riesgo, se adjunta convenio existente entre ESPOCH \u2013 SNGR, Anexo II) con quienes se trabajar\u00e1 un escenario de erupci\u00f3n volc\u00e1nica. La investigaci\u00f3n determinar\u00e1 adem\u00e1s la manera de validar la participaci\u00f3n ciudadana por otros medios que permitan la determinaci\u00f3n m\u00e1s cercana a la realidad de los escenarios.<\/p>\n\n\n\n<p>En el aspecto tecnol\u00f3gico, adem\u00e1s, se pretende a\u00f1adir el nivel sem\u00e1ntico de la informaci\u00f3n que pueda ser integrada a las IDEs buscando relacionar sem\u00e1nticamente las estructuras representadas [RVB11]. As\u00ed, la investigaci\u00f3n tambi\u00e9n determinar\u00e1 la posibilidad de relacionar los aspectos geogr\u00e1ficos [Mor04] de la informaci\u00f3n geoespacial integrada en el IDE, determinando funciones de gesti\u00f3n de WFS.<\/p>\n\n\n\n<p><strong>Desarrollo<\/strong><\/p>\n\n\n\n<p>Aunque las Infraestructuras de Datos Espaciales tienen gran auge en su uso en otros pa\u00edses y un nivel interesante de desarrollo se ha conseguido a nivel nacional, uno de los principales problemas es conseguir mejorar la usabilidad de la plataforma y la facilidad de integraci\u00f3n de informaci\u00f3n, temas que ser\u00e1n cubiertos con experticia de la UCuenca. Adem\u00e1s, de la misma investigaci\u00f3n descrita en el apartado precedente se desprender\u00e1&nbsp; la integraci\u00f3n de nuevas funcionalidades en la plataforma IDE que ser\u00e1 reformada casi en su totalidad para poder integrar tanto mejoras en su funcionalidad, usabilidad y eficiencia. Consid\u00e9rese que la implementaci\u00f3n de relacionamiento sem\u00e1ntico en las IDE todav\u00eda es un campo de investigaci\u00f3n que deber\u00eda ser explotado [RVB11] y m\u00e1s a\u00fan integrado a plataformas como las que se ha conseguido en el grupo de trabajo UCuenca.<\/p>\n\n\n\n<p>Otro de los aspectos fundamentales en el desarrollo es conseguir que la plataforma prototipal final permita una integraci\u00f3n a los disparadores.<\/p>\n\n\n\n<p><strong>Innovaci\u00f3n.<\/strong><\/p>\n\n\n\n<p>Desde el aspecto innovador de la propuesta se puede determinar la posibilidad de trabajo con nuevas tecnolog\u00edas para la toma de informaci\u00f3n como para la presentaci\u00f3n de la misma. En la investigaci\u00f3n del comportamiento humano ante posibles escenarios de desastres naturales se pretende establecer la participaci\u00f3n ciudadana. Adem\u00e1s se investigar\u00e1 c\u00f3mo la tecnolog\u00eda con herramientas prototipales, podr\u00edan aportar a que se d\u00e9 la participaci\u00f3n con la mayor celeridad posible y que se determinen m\u00e9todos de validaci\u00f3n de la informaci\u00f3n por los organismos oficiales de gesti\u00f3n de desastres naturales.<\/p>\n\n\n\n<p>La iniciativa, en el aspecto innovador, parte del uso de tecnolog\u00eda m\u00f3vil como uno de los canales directos de participaci\u00f3n ciudadana, apoyados por mecanismos comunes como canales telef\u00f3nicos y otros similares. Por lo tanto, el conseguir una herramienta apropiada para manejo de informaci\u00f3n que aporte a disparar la alerta temprana es un aspecto innovador. As\u00ed mismo, la forma de presentaci\u00f3n de la informaci\u00f3n incluida la posibilidad de uso de televisi\u00f3n digital con funcionalidades de Alertas Tempranas en los protocolos establecidos para Ecuador como ISDB-T y muy probablemente bajo Ginga, ser\u00e1n aspectos innovadores que deber\u00e1n establecerse en prototipos que demuestren la funcionalidad de la plataforma integrada a estas tecnolog\u00edas.<\/p>\n\n\n\n<p><strong>Objetivo General<\/strong><\/p>\n\n\n\n<p>Potenciar la iniciativa IDE RedCEDIA AT, mediante m\u00e9todos y utilizaci\u00f3n de nuevas tecnolog\u00edas de captaci\u00f3n de datos, para favorecer la participaci\u00f3n ciudadana y aportar en la gesti\u00f3n de desastres naturales.<\/p>\n\n\n\n<p><strong>Objetivos Espec\u00edficos<\/strong><\/p>\n\n\n\n<ul class=\"wp-block-list\"><li>Consolidar y fortalecer la Comunidad de Investigaci\u00f3n entre las tres Universidades de este proyecto.<\/li><li>Estudiar las formas de participaci\u00f3n ciudadana con las plataformas prototipales tecnol\u00f3gicas ante escenarios de desastres naturales.<\/li><li>Buscar formas de Integraci\u00f3n de plataformas m\u00f3viles (Android) para subir escenas de desastres naturales on-line (upload) y sirvan como disparadores de alertas tempranas.<\/li><li>Investigar formas de enriquecimiento sem\u00e1ntico en la informaci\u00f3n geoespacial integrada en el IDE<\/li><li>Mejorar la plataforma IDE en su funcionalidad, usabilidad y eficiencia para que sea una herramienta v\u00e1lida en casos de desastres naturales donde la velocidad de reacci\u00f3n es necesaria.<\/li><li>Generar un prototipo de visualizaci\u00f3n de informaci\u00f3n de sensibilizaci\u00f3n y de alertas tempranas integrada en IDE RedCEDIA.<\/li><li>Impulsar la suscripci\u00f3n de convenios y establecimiento de procedimientos con las instituciones oficiales que gestionan desastres naturales en las tres ciudades.<\/li><li>Realizar actividades de formaci\u00f3n, divulgaci\u00f3n y difusi\u00f3n complementarias.<\/li><\/ul>\n\n\n\n<p>La plataforma resultado de investigaci\u00f3n, desarrollo e innovaci\u00f3n de esta propuesta, es una soluci\u00f3n que estar\u00eda dividida en varios \u00e1mbitos.<\/p>\n\n\n\n<p>Para m\u00e1s informaci\u00f3n visitar <a href=\"http:\/\/ontorisk.cedia.org.ec\/\">OntoRisk.<\/a><\/p>\n","protected":false},"excerpt":{"rendered":"<p>\u00abNuevos m\u00e9todos y tecnolog\u00edas para fortalecer la participaci\u00f3n ciudadana en caso de alertas tempranas, potenciando IDE RedCEDIA\u201d &#8211; \u00a0IDE REDCEDIA AT \u00c1reas de Investigaci\u00f3n\/Desarrollo: Inform\u00e1tica, Aplicaciones M\u00f3viles, Televisi\u00f3n Digital, Infraestructura de Datos<a class=\"moretag\" href=\"https:\/\/ide.ucuenca.edu.ec\/?page_id=254\">Leer m\u00e1s&#8230;<\/a><\/p>\n","protected":false},"author":1,"featured_media":0,"parent":0,"menu_order":0,"comment_status":"closed","ping_status":"closed","template":"","meta":{"footnotes":""},"class_list":["post-254","page","type-page","status-publish","hentry"],"_links":{"self":[{"href":"https:\/\/ide.ucuenca.edu.ec\/index.php?rest_route=\/wp\/v2\/pages\/254","targetHints":{"allow":["GET"]}}],"collection":[{"href":"https:\/\/ide.ucuenca.edu.ec\/index.php?rest_route=\/wp\/v2\/pages"}],"about":[{"href":"https:\/\/ide.ucuenca.edu.ec\/index.php?rest_route=\/wp\/v2\/types\/page"}],"author":[{"embeddable":true,"href":"https:\/\/ide.ucuenca.edu.ec\/index.php?rest_route=\/wp\/v2\/users\/1"}],"replies":[{"embeddable":true,"href":"https:\/\/ide.ucuenca.edu.ec\/index.php?rest_route=%2Fwp%2Fv2%2Fcomments&post=254"}],"version-history":[{"count":5,"href":"https:\/\/ide.ucuenca.edu.ec\/index.php?rest_route=\/wp\/v2\/pages\/254\/revisions"}],"predecessor-version":[{"id":456,"href":"https:\/\/ide.ucuenca.edu.ec\/index.php?rest_route=\/wp\/v2\/pages\/254\/revisions\/456"}],"wp:attachment":[{"href":"https:\/\/ide.ucuenca.edu.ec\/index.php?rest_route=%2Fwp%2Fv2%2Fmedia&parent=254"}],"curies":[{"name":"wp","href":"https:\/\/api.w.org\/{rel}","templated":true}]}}