{"id":170,"date":"2016-08-03T06:11:56","date_gmt":"2016-08-03T06:11:56","guid":{"rendered":"http:\/\/localhost\/wordpress\/?page_id=170"},"modified":"2022-01-28T19:47:11","modified_gmt":"2022-01-29T00:47:11","slug":"portales-tematicos","status":"publish","type":"page","link":"https:\/\/ide.ucuenca.edu.ec\/?page_id=170","title":{"rendered":"GT &#8211; IDE"},"content":{"rendered":"\n<p><strong>Objetivo General:<\/strong><\/p>\n\n\n\n<ul class=\"wp-block-list\"><li>Contribuir con el avance en la investigaci\u00f3n y desarrollo en IDEs mediante la Integraci\u00f3n de informaci\u00f3n en tiempo real, enriquecimiento sem\u00e1ntico, mejoramiento de la usabilidad de la plataforma, e innovaciones en la presentaci\u00f3n y explotaci\u00f3n de la informaci\u00f3n.<\/li><\/ul>\n\n\n\n<p><strong>Objetivos Espec\u00edficos:<\/strong><\/p>\n\n\n\n<ul class=\"wp-block-list\"><li>Crear nuevas formas de creaci\u00f3n de metadatos incluye enriquecimiento sem\u00e1ntico, utilizaci\u00f3n de datamining sobre el IDE, y explotaci\u00f3n WFS. Levantamiento experimental de informaci\u00f3n para representaci\u00f3n 3D. E1, E2.<\/li><li>Evaluar la aplicabilidad de los est\u00e1ndares para fuentes de datos in-situ (estaciones meteorol\u00f3gicas), monitoreo participativo e im\u00e1genes satelitales.<\/li><li>Demostrar el uso del IDE para el modelamiento y la simulaci\u00f3n de fen\u00f3menos espaciales en aspectos urban\u00edsticos, territoriales.<\/li><li>Facilitar el acceso a la geoinformaci\u00f3n de una IDE, a personas con discapacidad visual mediante est\u00e1ndares de accesibilidad nacionales e internacionales.<\/li><\/ul>\n\n\n\n<p>En el a\u00f1o 2017 se comenz\u00f3 a trabajar con el proyecto de investigaci\u00f3n denominado <em>\u00abAvances en la investigaci\u00f3n y Desarrollo en IDEs, GT-IDE 3\u00bb,\u00a0el\u00a0cual\u00a0tuvo\u00a0un\u00a0financiamiento\u00a0de\u00a0$<\/em>101.700,00 USD.<\/p>\n\n\n\n<p>Para m\u00e1s informaci\u00f3n visitar <a href=\"http:\/\/gtide.cedia.org.ec\/\">GT-IDE.<\/a><\/p>\n","protected":false},"excerpt":{"rendered":"<p>Objetivo General: Contribuir con el avance en la investigaci\u00f3n y desarrollo en IDEs mediante la Integraci\u00f3n de informaci\u00f3n en tiempo real, enriquecimiento sem\u00e1ntico, mejoramiento de la usabilidad de la plataforma, e innovaciones<a class=\"moretag\" href=\"https:\/\/ide.ucuenca.edu.ec\/?page_id=170\">Leer m\u00e1s&#8230;<\/a><\/p>\n","protected":false},"author":1,"featured_media":0,"parent":0,"menu_order":0,"comment_status":"closed","ping_status":"closed","template":"","meta":{"footnotes":""},"class_list":["post-170","page","type-page","status-publish","hentry"],"_links":{"self":[{"href":"https:\/\/ide.ucuenca.edu.ec\/index.php?rest_route=\/wp\/v2\/pages\/170","targetHints":{"allow":["GET"]}}],"collection":[{"href":"https:\/\/ide.ucuenca.edu.ec\/index.php?rest_route=\/wp\/v2\/pages"}],"about":[{"href":"https:\/\/ide.ucuenca.edu.ec\/index.php?rest_route=\/wp\/v2\/types\/page"}],"author":[{"embeddable":true,"href":"https:\/\/ide.ucuenca.edu.ec\/index.php?rest_route=\/wp\/v2\/users\/1"}],"replies":[{"embeddable":true,"href":"https:\/\/ide.ucuenca.edu.ec\/index.php?rest_route=%2Fwp%2Fv2%2Fcomments&post=170"}],"version-history":[{"count":5,"href":"https:\/\/ide.ucuenca.edu.ec\/index.php?rest_route=\/wp\/v2\/pages\/170\/revisions"}],"predecessor-version":[{"id":458,"href":"https:\/\/ide.ucuenca.edu.ec\/index.php?rest_route=\/wp\/v2\/pages\/170\/revisions\/458"}],"wp:attachment":[{"href":"https:\/\/ide.ucuenca.edu.ec\/index.php?rest_route=%2Fwp%2Fv2%2Fmedia&parent=170"}],"curies":[{"name":"wp","href":"https:\/\/api.w.org\/{rel}","templated":true}]}}